{"id":115302,"date":"2026-07-09T13:40:10","date_gmt":"2026-07-09T11:40:10","guid":{"rendered":"https:\/\/diselva.com\/?post_type=customer&#038;p=115302"},"modified":"2026-07-09T13:40:15","modified_gmt":"2026-07-09T11:40:15","slug":"feuerwehr-und-zivilschutz-stadt-st-gallen","status":"publish","type":"customer","link":"https:\/\/diselva.com\/de\/customer\/feuerwehr-und-zivilschutz-stadt-st-gallen\/","title":{"rendered":"Feuerwehr und Zivilschutz Stadt St.Gallen"},"content":{"rendered":"","protected":false},"featured_media":0,"parent":0,"template":"","meta":{"_acf_changed":false,"_eb_attr":"","content-type":"","advanced_seo_description":"","jetpack_seo_html_title":"","jetpack_seo_noindex":false,"jetpack_seo_schema_type":"","footnotes":""},"categories":[1398,1406],"class_list":["post-115302","customer","type-customer","status-publish","hentry","category-it-strategie","category-solution-software-architecture"],"blocksy_meta":{"styles_descriptor":{"styles":{"desktop":"","tablet":"","mobile":""},"google_fonts":[],"version":8}},"acf":{"company_name":"Feuerwehr und Zivilschutz Stadt St.Gallen","company_description":"Die Feuerwehr und der Zivilschutz St.Gallen sorgen f\u00fcr den Brand- und Bev\u00f6lkerungsschutz in der Stadt St.\u202fGallen und leisten Eins\u00e4tze bei Notf\u00e4llen und Ungl\u00fccken.","company_logo":110281,"company_herocase":"","company_website":"https:\/\/www.fwzssg.ch\/","contact_person":104402},"jetpack_sharing_enabled":true,"_links":{"self":[{"href":"https:\/\/diselva.com\/de\/wp-json\/wp\/v2\/customer\/115302","targetHints":{"allow":["GET"]}}],"collection":[{"href":"https:\/\/diselva.com\/de\/wp-json\/wp\/v2\/customer"}],"about":[{"href":"https:\/\/diselva.com\/de\/wp-json\/wp\/v2\/types\/customer"}],"version-history":[{"count":2,"href":"https:\/\/diselva.com\/de\/wp-json\/wp\/v2\/customer\/115302\/revisions"}],"predecessor-version":[{"id":117450,"href":"https:\/\/diselva.com\/de\/wp-json\/wp\/v2\/customer\/115302\/revisions\/117450"}],"acf:post":[{"embeddable":true,"href":"https:\/\/diselva.com\/de\/wp-json\/wp\/v2\/team\/104402"}],"wp:attachment":[{"href":"https:\/\/diselva.com\/de\/wp-json\/wp\/v2\/media?parent=115302"}],"wp:term":[{"taxonomy":"category","embeddable":true,"href":"https:\/\/diselva.com\/de\/wp-json\/wp\/v2\/categories?post=115302"}],"curies":[{"name":"wp","href":"https:\/\/api.w.org\/{rel}","templated":true}]}}

Die Feuerwehr und der Zivilschutz St.Gallen sorgen für den Brand- und Bevölkerungsschutz in der Stadt St. Gallen und leisten Einsätze bei Notfällen und Unglücken.
