{"id":165,"date":"2025-07-21T10:46:04","date_gmt":"2025-07-21T08:46:04","guid":{"rendered":"https:\/\/diselva.com\/?page_id=165"},"modified":"2025-11-07T11:19:35","modified_gmt":"2025-11-07T10:19:35","slug":"impressum","status":"publish","type":"page","link":"https:\/\/diselva.com\/de\/impressum\/","title":{"rendered":"Impressum"},"content":{"rendered":"\n<h1 class=\"wp-block-heading\" id=\"Diselva AG\">Diselva AG<\/h1>\n\n\n\n<p class=\"wp-block-paragraph\">Unterstrasse 6<br>9000 St.Gallen<\/p>\n\n\n\n<p class=\"wp-block-paragraph\">Telefon: +41 71 508 02 56<br>E-Mail:&nbsp;<a href=\"mailto:hello@diselva.com\">hello@diselva.com<\/a><\/p>\n\n\n\n<h3 class=\"wp-block-heading\">Rechtliches<\/h3>\n\n\n\n<p class=\"wp-block-paragraph\">Handelregisteramt: Kanton St.Gallen<br>Sitz der Firma: St.Gallen (Schweiz)<br>Rechtsform: Aktiengesellschaft<br>UID:&nbsp;CHE-278.046.816<br>Mehrwertsteuernummer: CHE-278.046.816 MWST<\/p>\n\n\n\n<h3 class=\"wp-block-heading\">Vertretungsberechtigte Personen<\/h3>\n\n\n\n<ul class=\"wp-block-list\">\n<li>Michael Pertek, Pr\u00e4sident des Verwaltungsrats, CEO<\/li>\n\n\n\n<li>Jan Keller, Vizepr\u00e4sident des Verwaltungsrats, COO<\/li>\n\n\n\n<li>J\u00f6rg Brunschwiler, Mitglied des Verwaltungsrats, CCO<\/li>\n\n\n\n<li>Pascal N\u00fcesch, Mitglied des Verwaltungsrats, CTO<\/li>\n<\/ul>\n\n\n\n<h3 class=\"wp-block-heading\">Branding und Gestaltung<\/h3>\n\n\n\n<ul class=\"wp-block-list\">\n<li>Jacqueline Graf &amp; Jan Walser, Werkstatt Walser<\/li>\n<\/ul>\n\n\n\n<h3 class=\"wp-block-heading\">Fotos Menschen<\/h3>\n\n\n\n<ul class=\"wp-block-list\">\n<li><a href=\"https:\/\/uelisteingruber.ch\/\" target=\"_blank\" rel=\"noreferrer noopener\">Ueli Steingruber<\/a><\/li>\n<\/ul>\n\n\n\n<h3 class=\"wp-block-heading\">Fotos Natur<\/h3>\n\n\n\n<ul class=\"wp-block-list\">\n<li>Dietmar K\u00e4ppeli<\/li>\n\n\n\n<li><a href=\"https:\/\/unsplash.com\/de\/@iriser\" target=\"_blank\" rel=\"noreferrer noopener\">Irina Iriser<\/a>,&nbsp;<a href=\"https:\/\/unsplash.com\/de\/@harrycunningham\" target=\"_blank\" rel=\"noreferrer noopener\">Harry Cunningham<\/a>,&nbsp;<a href=\"https:\/\/unsplash.com\/de\/@davidraymondreed\" target=\"_blank\" rel=\"noreferrer noopener\">Dave Reed<\/a>,&nbsp;<a href=\"https:\/\/unsplash.com\/de\/@sebastian_unrau\" target=\"_blank\" rel=\"noreferrer noopener\">Sebastian Unrau,&nbsp;<\/a><a href=\"https:\/\/unsplash.com\/de\/@ruralexplorer\" target=\"_blank\" rel=\"noreferrer noopener\">Rural Explorer<\/a>&nbsp;auf&nbsp;<a href=\"https:\/\/unsplash.com\/de\/@ruralexplorer\"><\/a><a href=\"https:\/\/unsplash.com\/de\/@sebastian_unrau\"><\/a><a href=\"https:\/\/unsplash.com\/\" target=\"_blank\" rel=\"noreferrer noopener\">Unsplash<\/a><\/li>\n<\/ul>\n\n\n\n<h3 class=\"wp-block-heading\">Hinweis zur Gleichstellung<\/h3>\n\n\n\n<p class=\"wp-block-paragraph\">Auf unserer Website verwenden wir aus Gr\u00fcnden der Lesbarkeit bewusst keine genderneutralen oder doppelten Begriffe. Unser Werteverst\u00e4ndnis bleibt davon unber\u00fchrt: diselva steht f\u00fcr Fairness, Transparenz und echte Gleichbehandlung \u2013 in Chancen, Perspektiven und selbstverst\u00e4ndlich auch bei Lohn und Gehalt.<\/p>\n\n\n\n<p class=\"wp-block-paragraph\">Uns ist die Form der Sprache weniger wichtig als ein respektvolles und gelebtes Miteinander. In unserem Denken, Handeln und Entscheiden haben Diskriminierung und bewusste Benachteiligung keinen Platz. Unsere Werte sind der Massstab, an dem wir uns messen lassen.<\/p>\n\n\n\n<p class=\"wp-block-paragraph\"><\/p>\n","protected":false},"excerpt":{"rendered":"<p>Diselva AG Unterstrasse 69000 St.Gallen Telefon: +41 71 508 02 56E-Mail:&nbsp;hello@diselva.com Rechtliches Handelregisteramt: Kanton St.GallenSitz der Firma: St.Gallen (Schweiz)Rechtsform: AktiengesellschaftUID:&nbsp;CHE-278.046.816Mehrwertsteuernummer: CHE-278.046.816 MWST Vertretungsberechtigte Personen Branding und Gestaltung Fotos Menschen Fotos Natur Hinweis zur Gleichstellung Auf unserer Website verwenden wir aus Gr\u00fcnden der Lesbarkeit bewusst keine genderneutralen oder doppelten Begriffe. Unser Werteverst\u00e4ndnis bleibt davon unber\u00fchrt: diselva [&hellip;]<\/p>\n","protected":false},"author":268896775,"featured_media":110821,"parent":0,"menu_order":0,"comment_status":"closed","ping_status":"closed","template":"","meta":{"_acf_changed":false,"_eb_attr":"","_crdt_document":"","advanced_seo_description":"","jetpack_seo_html_title":"","jetpack_seo_noindex":false,"footnotes":""},"folder":[1930],"class_list":["post-165","page","type-page","status-publish","has-post-thumbnail","hentry"],"blocksy_meta":[],"acf":[],"jetpack_sharing_enabled":true,"_links":{"self":[{"href":"https:\/\/diselva.com\/de\/wp-json\/wp\/v2\/pages\/165","targetHints":{"allow":["GET"]}}],"collection":[{"href":"https:\/\/diselva.com\/de\/wp-json\/wp\/v2\/pages"}],"about":[{"href":"https:\/\/diselva.com\/de\/wp-json\/wp\/v2\/types\/page"}],"author":[{"embeddable":true,"href":"https:\/\/diselva.com\/de\/wp-json\/wp\/v2\/users\/268896775"}],"replies":[{"embeddable":true,"href":"https:\/\/diselva.com\/de\/wp-json\/wp\/v2\/comments?post=165"}],"version-history":[{"count":47,"href":"https:\/\/diselva.com\/de\/wp-json\/wp\/v2\/pages\/165\/revisions"}],"predecessor-version":[{"id":114861,"href":"https:\/\/diselva.com\/de\/wp-json\/wp\/v2\/pages\/165\/revisions\/114861"}],"wp:featuredmedia":[{"embeddable":true,"href":"https:\/\/diselva.com\/de\/wp-json\/wp\/v2\/media\/110821"}],"wp:attachment":[{"href":"https:\/\/diselva.com\/de\/wp-json\/wp\/v2\/media?parent=165"}],"wp:term":[{"taxonomy":"folder","embeddable":true,"href":"https:\/\/diselva.com\/de\/wp-json\/wp\/v2\/folder?post=165"}],"curies":[{"name":"wp","href":"https:\/\/api.w.org\/{rel}","templated":true}]}}

<h1 class="wp-block-heading" id="Diselva AG">Diselva AG</h1>



<p class="wp-block-paragraph">Unterstrasse 6<br>9000 St.Gallen</p>



<p class="wp-block-paragraph">Telefon: +41 71 508 02 56<br>E-Mail:&nbsp;<a href="mailto:hello@diselva.com">hello@diselva.com</a></p>



<h3 class="wp-block-heading">Rechtliches</h3>



<p class="wp-block-paragraph">Handelregisteramt: Kanton St.Gallen<br>Sitz der Firma: St.Gallen (Schweiz)<br>Rechtsform: Aktiengesellschaft<br>UID:&nbsp;CHE-278.046.816<br>Mehrwertsteuernummer: CHE-278.046.816 MWST</p>



<h3 class="wp-block-heading">Vertretungsberechtigte Personen</h3>



<ul class="wp-block-list">
<li>Michael Pertek, Präsident des Verwaltungsrats, CEO</li>



<li>Jan Keller, Vizepräsident des Verwaltungsrats, COO</li>



<li>Jörg Brunschwiler, Mitglied des Verwaltungsrats, CCO</li>



<li>Pascal Nüesch, Mitglied des Verwaltungsrats, CTO</li>
</ul>



<h3 class="wp-block-heading">Branding und Gestaltung</h3>



<ul class="wp-block-list">
<li>Jacqueline Graf &amp; Jan Walser, Werkstatt Walser</li>
</ul>



<h3 class="wp-block-heading">Fotos Menschen</h3>



<ul class="wp-block-list">
<li><a href="https://uelisteingruber.ch/" target="_blank" rel="noreferrer noopener">Ueli Steingruber</a></li>
</ul>



<h3 class="wp-block-heading">Fotos Natur</h3>



<ul class="wp-block-list">
<li>Dietmar Käppeli</li>



<li><a href="https://unsplash.com/de/@iriser" target="_blank" rel="noreferrer noopener">Irina Iriser</a>,&nbsp;<a href="https://unsplash.com/de/@harrycunningham" target="_blank" rel="noreferrer noopener">Harry Cunningham</a>,&nbsp;<a href="https://unsplash.com/de/@davidraymondreed" target="_blank" rel="noreferrer noopener">Dave Reed</a>,&nbsp;<a href="https://unsplash.com/de/@sebastian_unrau" target="_blank" rel="noreferrer noopener">Sebastian Unrau,&nbsp;</a><a href="https://unsplash.com/de/@ruralexplorer" target="_blank" rel="noreferrer noopener">Rural Explorer</a>&nbsp;auf&nbsp;<a href="https://unsplash.com/de/@ruralexplorer"></a><a href="https://unsplash.com/de/@sebastian_unrau"></a><a href="https://unsplash.com/" target="_blank" rel="noreferrer noopener">Unsplash</a></li>
</ul>



<h3 class="wp-block-heading">Hinweis zur Gleichstellung</h3>



<p class="wp-block-paragraph">Auf unserer Website verwenden wir aus Gründen der Lesbarkeit bewusst keine genderneutralen oder doppelten Begriffe. Unser Werteverständnis bleibt davon unberührt: diselva steht für Fairness, Transparenz und echte Gleichbehandlung – in Chancen, Perspektiven und selbstverständlich auch bei Lohn und Gehalt.</p>



<p class="wp-block-paragraph">Uns ist die Form der Sprache weniger wichtig als ein respektvolles und gelebtes Miteinander. In unserem Denken, Handeln und Entscheiden haben Diskriminierung und bewusste Benachteiligung keinen Platz. Unsere Werte sind der Massstab, an dem wir uns messen lassen.</p>



<p class="wp-block-paragraph"></p>

<p>Diselva AG Unterstrasse 69000 St.Gallen Telefon: +41 71 508 02 56E-Mail:&nbsp;hello@diselva.com Rechtliches Handelregisteramt: Kanton St.GallenSitz der Firma: St.Gallen (Schweiz)Rechtsform: AktiengesellschaftUID:&nbsp;CHE-278.046.816Mehrwertsteuernummer: CHE-278.046.816 MWST Vertretungsberechtigte Personen Branding und Gestaltung Fotos Menschen Fotos Natur Hinweis zur Gleichstellung Auf unserer Website verwenden wir aus Gründen der Lesbarkeit bewusst keine genderneutralen oder doppelten Begriffe. Unser Werteverständnis bleibt davon unberührt: diselva [&hellip;]</p>
